7073 a composite number?
False
Is 103761227 a composite number?
True
Is 9975775597 a composite number?
True
Is 11402258863 a prime number?
False
Is 11418305123 prime?
True
Is 326989799 a prime number?
True
Is 17346072167 prime?
True
Is 2010509 composite?
True
Is 14722004639 a composite number?
True
Is 74230809061 a prime number?
True
Is 11883637921 a prime number?
False
Is 198287100379 composite?
False
Is 564331301 composite?
True
Is 1862749457 a composite number?
True
Is 1766705933 a composite number?
True
Is 1814187359 composite?
False
Is 8494970119 a composite number?
True
Is 812745491 composite?
False
Is 29703335453 composite?
True
Is 233387663 composite?
False
Is 245670563 composite?
False
Is 5576973361 a prime number?
True
Is 822900531 a composite number?
True
Is 1721175871 a prime number?
False
Is 2662150087 a prime number?
True
Is 36235324387 prime?
True
Is 1311979127 prime?
False
Is 47934035519 a composite number?
True
Is 855331363 composite?
False
Is 842339149 composite?
True
Is 438994453 composite?
False
Is 4450724719 a composite number?
True
Is 106413874513 a prime number?
True
Is 118374103 prime?
False
Is 5484958261 prime?
True
Is 882252923 a prime number?
False
Is 719349697 a composite number?
True
Is 3919312759 prime?
True
Is 120894893173 prime?
False
Is 18443207387 prime?
False
Is 1124754373 a prime number?
True
Is 4748430773 composite?
False
Is 19879748653 composite?
False
Is 22036438591 prime?
True
Is 143388983 prime?
True
Is 73561451974 a prime number?
False
Is 182863239151 composite?
False
Is 43134456863 a composite number?
False
Is 1153865563 a composite number?
True
Is 799698671 composite?
True
Is 312686317 a prime number?
True
Is 190259287 prime?
True
Is 4918973767 composite?
False
Is 62616985439 prime?
True
Is 148833109 a composite number?
False
Is 1893541561 a composite number?
False
Is 26781787411 composite?
False
Is 3556874527 prime?
True
Is 15474832231 prime?
True
Is 1332773661 a composite number?
True
Is 14431906337 prime?
True
Is 247591459 a composite number?
False
Is 15115719257 composite?
True
Is 896161751 composite?
False
Is 9366419609 composite?
False
Is 30790917869 composite?
False
Is 852841981 composite?
False
Is 77533487723 a prime number?
False
Is 165896827 prime?
True
Is 432034247 composite?
False
Is 45657337 a prime number?
False
Is 14436893111 a prime number?
False
Is 219890807 prime?
True
Is 197570749 a composite number?
False
Is 20546229893 composite?
True
Is 143323615703 a prime number?
True
Is 1855989085 composite?
True
Is 513989107 a prime number?
True
Is 2416651399 composite?
False
Is 1100198039 prime?
False
Is 99691289261 a prime number?
True
Is 58786770067 a composite number?
True
Is 40752504101 a composite number?
True
Is 132421894039 a composite number?
False
Is 3995077907 composite?
True
Is 74886218243 composite?
False
Is 17109244349 prime?
False
Is 46700333 composite?
False
Is 56209129219 a composite number?
False
Is 857456167 composite?
True
Is 12778568561 a composite number?
True
Is 192853181 a prime number?
True
Is 64513307 composite?
True
Is 6932699699 a prime number?
True
Is 3115742023 a composite number?
False
Is 2612956063 composite?
False
Is 45514971679 a composite number?
False
Is 1970805979 a composite number?
False
Is 917676589 a prime number?
False
Is 3022408283 a prime number?
False
Is 736535213607 a prime number?
False
Is 953938483 composite?
True
Is 45777383833 a prime number?
False
Is 230160283 a prime number?
True
Is 345965461 a prime number?
True
Is 514061377 composite?
True
Is 2246605939 a prime number?
True
Is 312495671 prime?
True
Is 15662596309 composite?
True
Is 1512054821 a prime number?
True
Is 386269993 composite?
True
Is 25815333403 composite?
False
Is 1853427601 a composite number?
True
Is 3314493353 composite?
False
Is 168585679 a composite number?
False
Is 847409369 a composite number?
True
Is 54838559 a prime number?
True
Is 1554185287 a prime number?
False
Is 1726081531 composite?
True
Is 126878707 a composite number?
False
Is 122009299 composite?
True
Is 110279426857 composite?
False
Is 5158011047 prime?
False
Is 20874091633 a composite number?
False
Is 24401407 composite?
False
Is 3513657107 composite?
True
Is 1160045977 composite?
False
Is 547894547 composite?
True
Is 676363183 a composite number?
True
Is 3486305531 composite?
True
Is 11748059 a prime number?
False
Is 1169005237 composite?
True
Is 1311668359 composite?
False
Is 3414725491 composite?
False
Is 2840491799 prime?
True
Is 322423937 prime?
False
Is 4917353723 a prime number?
True
Is 2422760113 composite?
True
Is 746815441 a composite number?
False
Is 526694222 prime?
False
Is 627336989 a prime number?
False
Is 307564373 composite?
False
Is 185971822107 prime?
False
Is 44283653401 composite?
True
Is 1052535233 composite?
True
Is 35122331149 a composite number?
False
Is 673133917 prime?
True
Is 140797219 prime?
True
Is 180398800013 prime?
False
Is 113312373539 a composite number?
False
Is 57886941941 a composite number?
False
Is 49131238921 a prime number?
False
Is 83707036103 composite?
True
Is 54747557 composite?
True
Is 9173417563 composite?
False
Is 1839738157 prime?
True
Is 128671889 prime?
True
Is 1605164989 a composite number?
False
Is 2919323501 composite?
False
Is 268485323 a prime number?
True
Is 31499341357 a composite number?
True
Is 151100062811 prime?
False
Is 1207896983 composite?
True
Is 1222407755 a prime number?
False
Is 46401534077 a prime number?
True
Is 3003808153 a prime number?
True
Is 90749394953 a composite number?
True
Is 47308237 a composite number?
True
Is 240078689 a prime number?
True
Is 1611995269 prime?
False
Is 77177398579 composite?
False
Is 18139942453 prime?
False
Is 4138503473 a prime number?
False
Is 50840267651 prime?
True
Is 604125191 prime?
True
Is 7511415919 composite?
True
Is 6381430771 a prime number?
False
Is 37538999009 a prime number?
True
Is 88644655321 a composite number?
False
Is 26406574279 a prime number?
True
Is 11095043649 a composite number?
True
Is 797767505 a composite number?
True
Is 7342369 a composite number?
False
Is 33993199 a composite number?
False
Is 24524264897 prime?
False
Is 1082628433 composite?
False
Is 10573785671 a composite number?
True
Is 12830020667 prime?
False
Is 26719001509 prime?
True
Is 21490861738 composite?
True
Is 213334097 composite?
True
Is 186845115401 a composite number?
True
Is 51236473 prime?
True
Is 11298011917 a composite number?
False
Is 4038025121 prime?
False
Is 40830278273 composite?
False
Is 36251777362 a prime number?
False
Is 10322393443 a composite number?
False
Is 557072787 a prime number?
False
Is 2163481261 composite?
False
Is 202488589 a composite number?
False
Is 9761236703 composite?
True
Is 9370179233 a prime number?
True
Is 30251073869 a composite number?
True
Is 112111363187 a prime number?
True
Is 12484373293 a composite number?
True
Is 2157351689 a composite number?
False
Is 7915754807 a composite number?
True
Is 53125361 a composite number?
True
Is 8480200177 a composite number?
True
Is 2963775481 a prime number?
True
Is 5237820871 a prime number?
True
Is 463505563 composite?
False
Is 197594209 a composite number?
False
Is 3086039051 prime?
False
Is 5250507799 composite?
True
Is 50777376487 composite?
False
Is 80896853 composite?
False
Is 4343171101 a prime number?
False
Is 1978899271 a composite number?
True
Is 1672917647 a composite number?
True
Is 3591907811 prime?
True
Is 29829029 composite?
True
Is 5453674129 prime?
False
Is 4718796673 prime?
True
Is 680398907 a prime number?
False
Is 29648115089 a composite number?
False
Is 1327066373 a composite number?
True
Is 201036127 prime?
False
Is 8803791001 composite?
False
Is 103451670653 a prime number?
True
Is 8378614097 a prime number?
False
Is 195794623 composite?
False
Is 12540154331 a composite number?
False
Is 34629820321 prime?
False
Is 1683428171 a prime number?
True
Is 5596488539 a composite number?
True
Is 27050462987 a composite number?
True
Is 51638902841 a composite number?
True
Is 388409079 a composite number?
True
Is 886011651209 a prime number?
True
Is 917053019 a composite number?
True
Is 2098356347 a prime number?
True
Is 1298893859 a composite number?
False
Is 42306799567 a composite number?
False
Is 27333997259 prim